2336745 is divided by 29776.
9
Calculate the remainder when 310428 is divided by 636.
60
What is the remainder when 2525439 is divided by 355?
324
Calculate the remainder when 7225 is divided by 712.
105
Calculate the remainder when 166094 is divided by 102.
38
Calculate the remainder when 902015716 is divided by 1013.
1009
Calculate the remainder when 11506422 is divided by 987.
963
What is the remainder when 1511006 is divided by 128?
94
What is the remainder when 19199295 is divided by 312?
63
What is the remainder when 922867 is divided by 177?
166
What is the remainder when 4402813 is divided by 214?
191
Calculate the remainder when 1421754 is divided by 94782.
24
Calculate the remainder when 52117 is divided by 62.
37
What is the remainder when 274829 is divided by 506?
71
What is the remainder when 2723349 is divided by 11160?
309
Calculate the remainder when 80820060 is divided by 14.
6
Calculate the remainder when 6687816 is divided by 6204.
6108
What is the remainder when 2184866 is divided by 33613?
21
Calculate the remainder when 1316007 is divided by 219284.
303
What is the remainder when 184651202 is divided by 19?
6
What is the remainder when 3571201 is divided by 710?
611
What is the remainder when 476699 is divided by 68?
19
What is the remainder when 39638191 is divided by 233?
231
Calculate the remainder when 4384550 is divided by 1532.
1498
Calculate the remainder when 9420363 is divided by 3201.
3021
What is the remainder when 11005 is divided by 3465?
610
Calculate the remainder when 459460 is divided by 4463.
4234
What is the remainder when 7443097 is divided by 372149?
117
What is the remainder when 1059610 is divided by 10812?
34
What is the remainder when 11804806 is divided by 72?
46
What is the remainder when 1078497 is divided by 117?
108
Calculate the remainder when 6879 is divided by 6787.
92
What is the remainder when 1012828 is divided by 506406?
16
What is the remainder when 1841752 is divided by 13061?
151
What is the remainder when 36519 is divided by 18259?
1
What is the remainder when 703247 is divided by 199?
180
Calculate the remainder when 417600 is divided by 543.
33
Calculate the remainder when 15680612 is divided by 3136120.
12
What is the remainder when 279582 is divided by 45?
42
What is the remainder when 7953255 is divided by 2?
1
What is the remainder when 38121613 is divided by 158?
5
What is the remainder when 463382 is divided by 177?
173
Calculate the remainder when 52988 is divided by 2121.
2084
Calculate the remainder when 29646775 is divided by 7411687.
27
Calculate the remainder when 3185481 is divided by 3090.
2781
What is the remainder when 843538 is divided by 280964?
646
What is the remainder when 3604949 is divided by 124308?
17
What is the remainder when 3127993 is divided by 3031?
1
Calculate the remainder when 12406 is divided by 2025.
256
Calculate the remainder when 6000625 is divided by 427.
421
What is the remainder when 548440 is divided by 3458?
2076
Calculate the remainder when 56650 is divided by 171.
49
What is the remainder when 6850 is divided by 546?
298
Calculate the remainder when 4770232 is divided by 1734.
1732
Calculate the remainder when 109858 is divided by 129.
79
Calculate the remainder when 950355 is divided by 475172.
11
Calculate the remainder when 1382828 is divided by 30.
8
What is the remainder when 260999 is divided by 89?
51
Calculate the remainder when 189784 is divided by 10541.
46
Calculate the remainder when 651927 is divided by 381.
36
Calculate the remainder when 329236 is divided by 181.
178
Calculate the remainder when 20217407 is divided by 4043476.
27
Calculate the remainder when 428459 is divided by 1104.
107
Calculate the remainder when 57050247 is divided by 1060.
1047
Calculate the remainder when 100758 is divided by 12590.
38
Calculate the remainder when 50404 is divided by 20857.
8690
Calculate the remainder when 473791 is divided by 241.
226
Calculate the remainder when 470267 is divided by 58358.
3403
Calculate the remainder when 9481 is divided by 9212.
269
Calculate the remainder when 7580529 is divided by 633.
354
What is the remainder when 61997548 is divided by 81?
67
Calculate the remainder when 159398 is divided by 159160.
238
Calculate the remainder when 1323830 is divided by 1398.
1322
What is the remainder when 726489 is divided by 144557?
3704
What is the remainder when 909072 is divided by 14204?
16
What is the remainder when 13297538 is divided by 10?
8
What is the remainder when 33560941 is divided by 453?
436
Calculate the remainder when 3928091 is divided by 12.
11
What is the remainder when 1428711298 is divided by 1467?
1465
What is the remainder when 25555 is divided by 12265?
1025
Calculate the remainder when 159645344 is divided by 89.
81
Calculate the remainder when 54019 is divided by 4910.
9
Calculate the remainder when 46809 is divided by 22454.
1901
What is the remainder when 549638 is divided by 7553?
5822
What is the remainder when 21418 is divided by 21344?
74
What is the remainder when 179415 is divided by 1142?
121
What is the remainder when 13163092 is divided by 12418?
12
What is the remainder when 1398394104 is divided by 4491?
4488
What is the remainder when 285333767 is divided by 53?
52
Calculate the remainder when 3340936 is divided by 4872.
3616
Calculate the remainder when 622744083 is divided by 17.
15
Calculate the remainder when 1199606 is divided by 7788.
254
What is the remainder when 527814 is divided by 7997?
12
Calculate the remainder when 15743695 is divided by 204.
199
What is the remainder when 996770 is divided by 41531?
26
What is the remainder when 4493583 is divided by 662?
589
Calculate the remainder when 1077783 is divided by 145.
143
What is the remainder when 498376 is divided by 3894?
3838
What is the remainder when 6154909 is divided by 6154886?
23
What is the remainder when 64532 is divided by 11643?
6317
Calculate the remainder when 128627 is divided by 42874.
5
What is the remainder when 898850 is divided by 295?
280
What is the remainder when 26101350 is divided by 930?
900
Calculate the remainder when 236337723 is divided by 21.
6
What is the remainder when 71122884 is divided by 2963453?
12
What is the remainder when 4226242 is divided by 293?
10
Calculate the remainder when 127827 is divided by 741.
375
What is the remainder when 119079802 is divided by 33?
28
Calculate the remainder when 103805 is divided by 34431.
512
What is the remainder when 336988 is divided by 336886?
102
What is the remainder when 156251787 is divided by 52083929?
0
Calculate the remainder when 5002990 is divided by 3.
1
What is the remainder when 10654039 is divided by 15?
4
Calculate the remainder when 10038093 is divided by 583.
582
What is the remainder when 1602335 is divided by 534108?
11
What is the remainder when 1080950 is divided by 270226?
46
What is the remainder when 14043 is divided by 934?
33
Calculate the remainder when 50484049 is divided by 2183.
2174
What is the remainder when 12115906 is divided by 447?
418
Calculate the remainder when 9923437 is divided by 4003.
0
Calculate the remainder when 2348038 is divided by 35045.
23
Calculate the remainder when 448148 is divided by 60.
8
Calculate the remainder when 205840 is divided by 830.
0
What is the remainder when 259552 is divided by 64812?
304
What is the remainder when 1451600 is divided by 191?
0
Calculate the remainder when 25996 is divided by 350.
96
What is the remainder when 707655 is divided by 78626?
21
What is the remainder when 534763 is divided by 1771?
1692
Calculate the remainder when 907626 is divided by 2269.
26
Calculate the remainder when 41132137 is divided by 12955.
12
What is the remainder when 802001 is divided by 686?
67
What is the remainder when 700496 is divided by 54?
8
Calculate the remainder when 3155481 is divided by 105.
21
Calculate the remainder when 25711154 is divided by 789.
11
What is the remainder when 6579234 is divided by 3289615?
4
What is the remainder when 7354061 is divided by 31?
24
What is the remainder when 3695852 is divided by 22812?
308
Calculate the remainder when 9078926 is divided by 1296979.
73
What is the remainder when 1255135 is divided by 150?
85
Calculate the r